 the prime factors of 152742481.
773, 197597
List the prime factors of 2098846703.
41, 61, 839203
List the prime factors of 58651246.
2, 29325623
List the prime factors of 47531554.
2, 7, 313, 10847
What are the prime factors of 416887923?
3, 17, 59, 138547
List the prime factors of 149293160.
2, 5, 29, 179, 719
List the prime factors of 531598287.
3, 11, 23, 700393
List the prime factors of 679641499.
16673, 40763
What are the prime factors of 28364988?
2, 3, 2363749
What are the prime factors of 929885131?
7, 179, 742127
List the prime factors of 53683968.
2, 3, 13, 19, 283
List the prime factors of 4943164114.
2, 7, 937, 376823
List the prime factors of 116246720.
2, 5, 363271
List the prime factors of 107104071.
3, 35701357
What are the prime factors of 1187728487?
11, 23, 137, 34267
What are the prime factors of 152431717?
97, 1571461
List the prime factors of 57779583.
3, 17, 1132933
List the prime factors of 23526493.
23, 1022891
What are the prime factors of 19884382?
2, 7, 1039, 1367
List the prime factors of 646939984.
2, 41, 986189
What are the prime factors of 57484663?
57484663
What are the prime factors of 112652538?
2, 3, 18775423
What are the prime factors of 4012806293?
17, 236047429
List the prime factors of 111799787.
11, 2539, 4003
List the prime factors of 3859244.
2, 593, 1627
What are the prime factors of 609413941?
7411, 82231
List the prime factors of 21835133.
59, 61, 6067
What are the prime factors of 2200195095?
3, 5, 7, 41, 53, 9643
What are the prime factors of 401871307?
127, 281, 11261
What are the prime factors of 28767790?
2, 5, 67, 42937
What are the prime factors of 168283184?
2, 10517699
List the prime factors of 2315906985.
3, 5, 7, 22056257
List the prime factors of 70195280.
2, 5, 41, 21401
List the prime factors of 1128435901.
269, 1753, 2393
List the prime factors of 1179776915.
5, 79, 2986777
What are the prime factors of 174466860?
2, 3, 5, 761, 3821
List the prime factors of 14998462.
2, 7499231
What are the prime factors of 34599273?
3, 11533091
List the prime factors of 144727254.
2, 3, 7, 1148629
What are the prime factors of 99660284?
2, 24915071
What are the prime factors of 244233583?
11, 22203053
List the prime factors of 1981454269.
83, 269, 88747
List the prime factors of 399857680.
2, 5, 17, 294013
List the prime factors of 3600863897.
3600863897
What are the prime factors of 581662165?
5, 7, 107, 155317
List the prime factors of 267604068.
2, 3, 1607, 13877
List the prime factors of 464320073.
7, 29, 2287291
What are the prime factors of 40983837?
3, 13661279
List the prime factors of 77115102.
2, 3, 61, 109, 1933
What are the prime factors of 78829285?
5, 53, 297469
List the prime factors of 97087859.
11, 463, 1733
What are the prime factors of 41624937?
3, 4624993
List the prime factors of 808675928.
2, 137, 737843
What are the prime factors of 270592856?
2, 353, 95819
List the prime factors of 74000781.
3, 101, 81409
List the prime factors of 56885333.
139, 317, 1291
List the prime factors of 859322828.
2, 7, 13, 1451, 1627
List the prime factors of 131406851.
163, 806177
What are the prime factors of 152563661?
17, 1019, 8807
What are the prime factors of 250390932?
2, 3, 11, 1896901
List the prime factors of 110616772.
2, 7, 3950599
What are the prime factors of 78416914?
2, 19, 2063603
List the prime factors of 460928494.
2, 13, 29, 227, 2693
List the prime factors of 80732999.
509, 158611
What are the prime factors of 66446445?
3, 5, 13, 41, 8311
List the prime factors of 3433308546.
2, 3, 47, 1583, 7691
List the prime factors of 27284438.
2, 13642219
What are the prime factors of 2580729256?
2, 7, 29, 41, 113
List the prime factors of 118269253.
2503, 47251
List the prime factors of 75116981.
75116981
What are the prime factors of 2044955?
5, 11, 37181
What are the prime factors of 2566258949?
2566258949
What are the prime factors of 5238610586?
2, 11, 238118663
List the prime factors of 176369142.
2, 3, 137, 214561
What are the prime factors of 159498730?
2, 5, 19, 47, 53, 337
List the prime factors of 201057360.
2, 3, 5, 7, 119677
List the prime factors of 128926609.
7, 19, 383, 2531
List the prime factors of 378490484.
2, 23, 29, 141863
List the prime factors of 797354746.
2, 7621, 52313
List the prime factors of 19750660.
2, 5, 987533
What are the prime factors of 1717120624?
2, 29, 3700691
What are the prime factors of 1675477185?
3, 5, 2029, 55051
List the prime factors of 3664402482.
2, 3, 13, 2689, 17471
What are the prime factors of 193999759?
193999759
What are the prime factors of 3725384056?
2, 3373, 138059
List the prime factors of 1723762097.
1723762097
What are the prime factors of 78631860?
2, 3, 5, 53, 79, 313
What are the prime factors of 136988407?
136988407
List the prime factors of 124360262.
2, 13, 1931, 2477
List the prime factors of 881834219.
7, 563, 223759
List the prime factors of 114305018.
2, 57152509
List the prime factors of 125139588.
2, 3, 7, 1489757
List the prime factors of 66360536.
2, 11, 37, 89, 229
List the prime factors of 435205819.
435205819
List the prime factors of 37074864.
2, 3, 772393
List the prime factors of 2071382.
2, 17, 60923
List the prime factors of 392913698.
2, 53, 3706733
What are the prime factors of 2049303846?
2, 3, 341550641
List the prime factors of 556471411.
19, 29287969
List the prime factors of 21460816.
2, 13, 103177
What are the prime factors of 302446189?
302446189
What are the prime factors of 291142386?
2, 3, 61, 265157
What are the prime factors of 1297465888?
2, 1777, 22817
What are the prime factors of 7140097?
23, 310439
What are the prime factors of 932802339?
3, 7, 44419159
List the prime factors of 1089040640.
2, 5, 373, 2281
List the prime factors of 2317093485.
3, 5, 7, 23, 43, 53, 421
List the prime factors of 65492600.
2, 5, 327463
What are the prime factors of 448216686?
2, 3, 23, 563, 641
List the prime factors of 26256799.
2579, 10181
What are the prime factors of 49792339?
919, 54181
List the prime factors of 171879487.
13, 541, 24439
What are the prime factors of 1240322279?
7, 107, 131, 12641
What are the prime factors of 107243895?
3, 5, 11, 47, 13829
List the prime factors of 1165167686.
2, 97, 199, 30181
What are the prime factors of 5302404123?
3, 47, 547, 68749
List the prime factors of 26848145.
5, 97, 197, 281
What are the prime factors of 490943604?
2, 3, 79, 517873
What are the prime factors of 8550638?
2, 4275319
What are the prime factors of 3023451132?
2, 3, 13, 19381097
List the prime factors of 297544646.
2, 7, 21253189
What are the prime factors of 359038737?
3, 179, 24763
What are the prime factors of 106571135?
5, 11, 1937657
What are the prime factors of 43728350?
2, 5, 874567
List the prime factors of 381593626.
2, 190796813
List the prime factors of 2383986295.
5, 67, 181, 39317
What are the prime factors of 8405929?
7, 31, 38737
What are the prime factors of 73487692?
2, 18371923
What are the prime factors of 1366938667?
1366938667
What are the prime factors of 637297053?
3, 131, 1621621
List the prime factors of 65277425.
5, 83, 163, 193
What are the prime factors of 13180542?
2, 3, 17, 129221
What are the prime factors of 282731262?
2, 3, 11, 389437
List the prime factors of 1325949442.
2, 17, 53, 735821
List the prime factors of 722494511.
101, 7153411
What are the prime factors of 34072120?
2, 5, 851803
List the prime factors of 2168184378.
2, 3, 23, 547, 28723
What are the prime factors of 6562107?
3, 23, 10567
What are the prime factors of 118653373?
229, 518137
What are the prime factors of 613551450?
2, 3, 5, 23, 177841
What are the prime factors of 31173336?
2, 3, 73, 659
List the prime factors of 1574222670.
2, 3, 5, 17491363
List the prime factors of 118253144.
2, 113, 130811
What are the prime factors of 251429696?
2, 7, 47, 11941
List the prime factors of 3357008249.
7, 4021, 119267
What are the prime factors of 842788938?
2, 3, 140464823
List the prime factors of 30046602.
2, 3, 23, 239, 911
What are the prime factors of 4723463990?
2, 5, 7, 67478057
What are the prime factors of 270423034?
2, 7, 1699, 11369
List the prime factors of 3059112445.
5, 337, 1815497
What are the prime factors of 289920662?
2, 144960331
What are the prime factors of 32866724?
